{"id":39,"date":"2026-04-03T13:11:22","date_gmt":"2026-04-03T13:11:22","guid":{"rendered":"https:\/\/jjfishing.fi\/?page_id=39"},"modified":"2026-04-04T06:31:28","modified_gmt":"2026-04-04T06:31:28","slug":"kalastusmatkat","status":"publish","type":"page","link":"https:\/\/jjfishing.fi\/index.php\/kalastusmatkat\/","title":{"rendered":"Kalastusmatkat"},"content":{"rendered":"\n<p><mark style=\"background-color:rgba(0, 0, 0, 0)\" class=\"has-inline-color has-base-2-color\"><strong>JJ-Fishing Hinnasto<\/strong>&nbsp;<\/mark><\/p>\n\n\n\n<p><mark style=\"background-color:rgba(0, 0, 0, 0)\" class=\"has-inline-color has-base-2-color\"><strong>alk.245\u20ac&nbsp;\/ 1 hl\u00f6 sis. alv,&nbsp;maks.4hl\u00f6&nbsp;(lapsi +25\u20ac)&nbsp;Jotta p\u00e4iv\u00e4&nbsp;toteutuu&nbsp;vaatii v\u00e4hint\u00e4\u00e4n 2&nbsp;aikuista<\/strong>&nbsp;<br><strong>Retkeen sis\u00e4ltyy:<\/strong>&nbsp;<\/mark><\/p>\n\n\n\n<p><mark style=\"background-color:rgba(0, 0, 0, 0)\" class=\"has-inline-color has-base-2-color\"><strong>kesto\u00a06h\u00a0<\/strong>Pyydett\u00e4v\u00e4 kalalaji\u00a0valittavissa (ahven, hauki, kuha)\u00a0Sis\u00e4lt\u00e4\u00e4 opaspalvelut, kalastusv\u00e4lineet sek\u00e4 liivit\/kelluntahaalarit.\u00a0Retki sis\u00e4lt\u00e4\u00e4\u00a0my\u00f6s\u00a0makkarat ja nokipannukahvit saaressa. Kalastusluvat\u00a0sis\u00e4ltyv\u00e4t hintaan\u00a0pl.kalastonhoitomaksu<\/mark>\u00a0<\/p>\n\n\n\n<p><mark style=\"background-color:rgba(0, 0, 0, 0)\" class=\"has-inline-color has-base-2-color\"><strong>6h&nbsp;kalastusretki&nbsp;alk.635\u20ac&nbsp;\/&nbsp;1-4&nbsp;hl\u00f6\u00e4 sis. alv.<\/strong>&nbsp;<br><strong>Retkeen sis\u00e4ltyy<\/strong>:&nbsp;<\/mark><\/p>\n\n\n\n<p><mark style=\"background-color:rgba(0, 0, 0, 0)\" class=\"has-inline-color has-base-2-color\"><strong>kesto&nbsp;6h<\/strong>&nbsp;Pyydett\u00e4v\u00e4&nbsp;kalalaji valittavissa (ahven, hauki, kuha)&nbsp;Sis\u00e4lt\u00e4\u00e4 opaspalvelut,&nbsp;kalastusv\u00e4lineet&nbsp;sek\u00e4 liivit\/kelluntahaalarit. Retki sis\u00e4lt\u00e4\u00e4 makkarat ja nokipannukahvit saaressa. Kalastusluvat&nbsp;sis\u00e4ltyv\u00e4t my\u00f6s hintaan&nbsp;pl.kalastonhoitomaksu<\/mark>&nbsp;<\/p>\n\n\n\n<p><mark style=\"background-color:rgba(0, 0, 0, 0)\" class=\"has-inline-color has-base-2-color\">P\u00e4iv\u00e4n ohjelma&nbsp;sovitaan&nbsp;asiakkaan toiveitten&nbsp;mukaan&nbsp;(pyydett\u00e4v\u00e4 kalalaji, ruokailun j\u00e4rjest\u00e4minen)<\/mark>&nbsp;<\/p>\n\n\n\n<p><mark style=\"background-color:rgba(0, 0, 0, 0)\" class=\"has-inline-color has-base-2-color\"><strong>T\u00e4ysi p\u00e4iv\u00e4 vesill\u00e4(10h)&nbsp;alk.760\u20ac&nbsp;\/&nbsp;1-3&nbsp;hl\u00f6\u00e4 sis. alv.<\/strong>&nbsp;<br><strong>Retkeen sis\u00e4ltyy:<\/strong><\/mark>&nbsp;<\/p>\n\n\n\n<p><mark style=\"background-color:rgba(0, 0, 0, 0)\" class=\"has-inline-color has-base-2-color\"><strong>kesto&nbsp;10h<\/strong>&nbsp;Pyydett\u00e4v\u00e4&nbsp;kalalaji valittavissa (ahven, hauki, kuha)&nbsp;Sis\u00e4lt\u00e4\u00e4 opaspalvelut,&nbsp;liivit\/Kelluntahaalarit&nbsp;sek\u00e4&nbsp;kalastusv\u00e4lineet.&nbsp;Kalastusluvat&nbsp;sis\u00e4ltyv\u00e4t my\u00f6s hintaan&nbsp;pl.kalastonhoitomaksu&nbsp;<\/mark><\/p>\n\n\n\n<p><mark style=\"background-color:rgba(0, 0, 0, 0)\" class=\"has-inline-color has-base-2-color\">P\u00e4iv\u00e4n ohjelma&nbsp;sovitaan&nbsp;asiakkaan toiveitten&nbsp;mukaan(pyydett\u00e4v\u00e4 kalalaji, ruokailun j\u00e4rjest\u00e4minen)&nbsp;<\/mark><\/p>\n\n\n\n<p><strong><mark style=\"background-color:rgba(0, 0, 0, 0)\" class=\"has-inline-color has-base-2-color\">Varaa oma kalastusp\u00e4iv\u00e4si ja tule kokemaan&nbsp;kemijoen&nbsp;uniikit&nbsp;kalastusmahdollisuudet<\/mark><\/strong>&nbsp;<\/p>\n\n\n\n<p><strong><mark style=\"background-color:rgba(0, 0, 0, 0)\" class=\"has-inline-color has-base-2-color\">JJ-Fishing Oy&nbsp;<\/mark><\/strong><\/p>\n\n\n\n<p><strong><mark style=\"background-color:rgba(0, 0, 0, 0)\" class=\"has-inline-color has-base-2-color\">0400-414033&nbsp;<\/mark><\/strong><\/p>\n\n\n\n<p><strong><mark style=\"background-color:rgba(0, 0, 0, 0)\" class=\"has-inline-color has-base-2-color\">info@jjfishing.fi<\/mark><\/strong><\/p>\n\n\n\n<div class=\"wp-block-group alignfull has-contrast-color has-text-color has-link-color wp-elements-cfb42c080862017d73f44b5b73e8f756 is-content-justification-left is-layout-flex wp-container-core-group-is-layout-19a3ad4d wp-block-group-is-layout-flex\" style=\"padding-top:var(--wp--preset--spacing--30);padding-right:var(--wp--preset--spacing--30);padding-bottom:var(--wp--preset--spacing--30);padding-left:var(--wp--preset--spacing--30)\"><nav class=\"is-responsive items-justified-right wp-block-navigation is-content-justification-right is-layout-flex wp-container-core-navigation-is-layout-f665d2b5 wp-block-navigation-is-layout-flex\" aria-label=\"Navigaatio: Alatunniste\" \n\t\t data-wp-interactive=\"core\/navigation\" data-wp-context='{\"overlayOpenedBy\":{\"click\":false,\"hover\":false,\"focus\":false},\"type\":\"overlay\",\"roleAttribute\":\"\",\"ariaLabel\":\"Valikko\"}'><button aria-haspopup=\"dialog\" aria-label=\"Avaa valikko\" class=\"wp-block-navigation__responsive-container-open always-shown\" \n\t\t\t\tdata-wp-on--click=\"actions.openMenuOnClick\"\n\t\t\t\tdata-wp-on--keydown=\"actions.handleMenuKeydown\"\n\t\t\t><svg width=\"24\" height=\"24\" xmlns=\"http:\/\/www.w3.org\/2000\/svg\" viewBox=\"0 0 24 24\" aria-hidden=\"true\" focusable=\"false\"><path d=\"M4 7.5h16v1.5H4z\"><\/path><path d=\"M4 15h16v1.5H4z\"><\/path><\/svg><\/button>\n\t\t\t\t<div class=\"wp-block-navigation__responsive-container hidden-by-default\"  id=\"modal-1\" \n\t\t\t\tdata-wp-class--has-modal-open=\"state.isMenuOpen\"\n\t\t\t\tdata-wp-class--is-menu-open=\"state.isMenuOpen\"\n\t\t\t\tdata-wp-watch=\"callbacks.initMenu\"\n\t\t\t\tdata-wp-on--keydown=\"actions.handleMenuKeydown\"\n\t\t\t\tdata-wp-on--focusout=\"actions.handleMenuFocusout\"\n\t\t\t\ttabindex=\"-1\"\n\t\t\t>\n\t\t\t\t\t<div class=\"wp-block-navigation__responsive-close\" tabindex=\"-1\">\n\t\t\t\t\t\t<div class=\"wp-block-navigation__responsive-dialog\" \n\t\t\t\tdata-wp-bind--aria-modal=\"state.ariaModal\"\n\t\t\t\tdata-wp-bind--aria-label=\"state.ariaLabel\"\n\t\t\t\tdata-wp-bind--role=\"state.roleAttribute\"\n\t\t\t>\n\t\t\t\t\t\t\t<button aria-label=\"Sulje valikko\" class=\"wp-block-navigation__responsive-container-close\" \n\t\t\t\tdata-wp-on--click=\"actions.closeMenuOnClick\"\n\t\t\t><svg xmlns=\"http:\/\/www.w3.org\/2000\/svg\" viewBox=\"0 0 24 24\" width=\"24\" height=\"24\" aria-hidden=\"true\" focusable=\"false\"><path d=\"m13.06 12 6.47-6.47-1.06-1.06L12 10.94 5.53 4.47 4.47 5.53 10.94 12l-6.47 6.47 1.06 1.06L12 13.06l6.47 6.47 1.06-1.06L13.06 12Z\"><\/path><\/svg><\/button>\n\t\t\t\t\t\t\t<div class=\"wp-block-navigation__responsive-container-content\" \n\t\t\t\tdata-wp-watch=\"callbacks.focusFirstElement\"\n\t\t\t id=\"modal-1-content\">\n\t\t\t\t\t\t\t\t<ul class=\"wp-block-navigation__container is-responsive items-justified-right wp-block-navigation\"><li class=\" wp-block-navigation-item wp-block-navigation-link\"><a class=\"wp-block-navigation-item__content\"  href=\"#\"><span class=\"wp-block-navigation-item__label\">Privacy Policy<\/span><\/a><\/li><li class=\" wp-block-navigation-item wp-block-navigation-link\"><a class=\"wp-block-navigation-item__content\"  href=\"#\"><span class=\"wp-block-navigation-item__label\">Terms and Conditions<\/span><\/a><\/li><li class=\" wp-block-navigation-item wp-block-navigation-link\"><a class=\"wp-block-navigation-item__content\"  href=\"http:\/\/%5Bcontact-form-7%20id=%222f9e18c%22%20title=%22Ota%20yhteytt%C3%A4%22%5D\"><span class=\"wp-block-navigation-item__label\">Contact Us<\/span><\/a><\/li><\/ul>\n\t\t\t\t\t\t\t<\/div>\n\t\t\t\t\t\t<\/div>\n\t\t\t\t\t<\/div>\n\t\t\t\t<\/div><\/nav>\n\n\n<div class=\"wp-block-buttons is-layout-flex wp-block-buttons-is-layout-flex\">\n<div class=\"wp-block-button\"><a class=\"wp-block-button__link wp-element-button\" href=\"http:\/\/jjfishing.fi\">Etusivu<\/a><\/div>\n<\/div>\n\n\n\n<ul class=\"wp-block-social-links is-layout-flex wp-block-social-links-is-layout-flex\"><li class=\"wp-social-link wp-social-link-facebook  wp-block-social-link\"><a href=\"https:\/\/www.facebook.com\/profile.php?id=61581517605205\" class=\"wp-block-social-link-anchor\"><svg width=\"24\" height=\"24\" viewBox=\"0 0 24 24\" version=\"1.1\" xmlns=\"http:\/\/www.w3.org\/2000\/svg\" aria-hidden=\"true\" focusable=\"false\"><path d=\"M12 2C6.5 2 2 6.5 2 12c0 5 3.7 9.1 8.4 9.9v-7H7.9V12h2.5V9.8c0-2.5 1.5-3.9 3.8-3.9 1.1 0 2.2.2 2.2.2v2.5h-1.3c-1.2 0-1.6.8-1.6 1.6V12h2.8l-.4 2.9h-2.3v7C18.3 21.1 22 17 22 12c0-5.5-4.5-10-10-10z\"><\/path><\/svg><span class=\"wp-block-social-link-label screen-reader-text\">Facebook<\/span><\/a><\/li>\n\n<li class=\"wp-social-link wp-social-link-instagram  wp-block-social-link\"><a href=\"https:\/\/www.instagram.com\/jjfishingoy\/\" class=\"wp-block-social-link-anchor\"><svg width=\"24\" height=\"24\" viewBox=\"0 0 24 24\" version=\"1.1\" xmlns=\"http:\/\/www.w3.org\/2000\/svg\" aria-hidden=\"true\" focusable=\"false\"><path d=\"M12,4.622c2.403,0,2.688,0.009,3.637,0.052c0.877,0.04,1.354,0.187,1.671,0.31c0.42,0.163,0.72,0.358,1.035,0.673 c0.315,0.315,0.51,0.615,0.673,1.035c0.123,0.317,0.27,0.794,0.31,1.671c0.043,0.949,0.052,1.234,0.052,3.637 s-0.009,2.688-0.052,3.637c-0.04,0.877-0.187,1.354-0.31,1.671c-0.163,0.42-0.358,0.72-0.673,1.035 c-0.315,0.315-0.615,0.51-1.035,0.673c-0.317,0.123-0.794,0.27-1.671,0.31c-0.949,0.043-1.233,0.052-3.637,0.052 s-2.688-0.009-3.637-0.052c-0.877-0.04-1.354-0.187-1.671-0.31c-0.42-0.163-0.72-0.358-1.035-0.673 c-0.315-0.315-0.51-0.615-0.673-1.035c-0.123-0.317-0.27-0.794-0.31-1.671C4.631,14.688,4.622,14.403,4.622,12 s0.009-2.688,0.052-3.637c0.04-0.877,0.187-1.354,0.31-1.671c0.163-0.42,0.358-0.72,0.673-1.035 c0.315-0.315,0.615-0.51,1.035-0.673c0.317-0.123,0.794-0.27,1.671-0.31C9.312,4.631,9.597,4.622,12,4.622 M12,3 C9.556,3,9.249,3.01,8.289,3.054C7.331,3.098,6.677,3.25,6.105,3.472C5.513,3.702,5.011,4.01,4.511,4.511 c-0.5,0.5-0.808,1.002-1.038,1.594C3.25,6.677,3.098,7.331,3.054,8.289C3.01,9.249,3,9.556,3,12c0,2.444,0.01,2.751,0.054,3.711 c0.044,0.958,0.196,1.612,0.418,2.185c0.23,0.592,0.538,1.094,1.038,1.594c0.5,0.5,1.002,0.808,1.594,1.038 c0.572,0.222,1.227,0.375,2.185,0.418C9.249,20.99,9.556,21,12,21s2.751-0.01,3.711-0.054c0.958-0.044,1.612-0.196,2.185-0.418 c0.592-0.23,1.094-0.538,1.594-1.038c0.5-0.5,0.808-1.002,1.038-1.594c0.222-0.572,0.375-1.227,0.418-2.185 C20.99,14.751,21,14.444,21,12s-0.01-2.751-0.054-3.711c-0.044-0.958-0.196-1.612-0.418-2.185c-0.23-0.592-0.538-1.094-1.038-1.594 c-0.5-0.5-1.002-0.808-1.594-1.038c-0.572-0.222-1.227-0.375-2.185-0.418C14.751,3.01,14.444,3,12,3L12,3z M12,7.378 c-2.552,0-4.622,2.069-4.622,4.622S9.448,16.622,12,16.622s4.622-2.069,4.622-4.622S14.552,7.378,12,7.378z M12,15 c-1.657,0-3-1.343-3-3s1.343-3,3-3s3,1.343,3,3S13.657,15,12,15z M16.804,6.116c-0.596,0-1.08,0.484-1.08,1.08 s0.484,1.08,1.08,1.08c0.596,0,1.08-0.484,1.08-1.08S17.401,6.116,16.804,6.116z\"><\/path><\/svg><span class=\"wp-block-social-link-label screen-reader-text\">Instagram<\/span><\/a><\/li><\/ul>\n<\/div>\n","protected":false},"excerpt":{"rendered":"<p>JJ-Fishing Hinnasto&nbsp; alk.245\u20ac&nbsp;\/ 1 hl\u00f6 sis. alv,&nbsp;maks.4hl\u00f6&nbsp;(lapsi +25\u20ac)&nbsp;Jotta p\u00e4iv\u00e4&nbsp;toteutuu&nbsp;vaatii v\u00e4hint\u00e4\u00e4n 2&nbsp;aikuista&nbsp;Retkeen sis\u00e4ltyy:&nbsp; kesto\u00a06h\u00a0Pyydett\u00e4v\u00e4 kalalaji\u00a0valittavissa (ahven, hauki, kuha)\u00a0Sis\u00e4lt\u00e4\u00e4 opaspalvelut, kalastusv\u00e4lineet sek\u00e4 liivit\/kelluntahaalarit.\u00a0Retki sis\u00e4lt\u00e4\u00e4\u00a0my\u00f6s\u00a0makkarat ja nokipannukahvit saaressa. Kalastusluvat\u00a0sis\u00e4ltyv\u00e4t hintaan\u00a0pl.kalastonhoitomaksu\u00a0 6h&nbsp;kalastusretki&nbsp;alk.635\u20ac&nbsp;\/&nbsp;1-4&nbsp;hl\u00f6\u00e4 sis. alv.&nbsp;Retkeen sis\u00e4ltyy:&nbsp; kesto&nbsp;6h&nbsp;Pyydett\u00e4v\u00e4&nbsp;kalalaji valittavissa (ahven, hauki, kuha)&nbsp;Sis\u00e4lt\u00e4\u00e4 opaspalvelut,&nbsp;kalastusv\u00e4lineet&nbsp;sek\u00e4 liivit\/kelluntahaalarit. Retki sis\u00e4lt\u00e4\u00e4 makkarat ja nokipannukahvit saaressa. Kalastusluvat&nbsp;sis\u00e4ltyv\u00e4t my\u00f6s hintaan&nbsp;pl.kalastonhoitomaksu&nbsp; P\u00e4iv\u00e4n ohjelma&nbsp;sovitaan&nbsp;asiakkaan toiveitten&nbsp;mukaan&nbsp;(pyydett\u00e4v\u00e4 kalalaji, ruokailun j\u00e4rjest\u00e4minen)&nbsp; T\u00e4ysi p\u00e4iv\u00e4 [&hellip;]<\/p>\n","protected":false},"author":1,"featured_media":0,"parent":0,"menu_order":0,"comment_status":"closed","ping_status":"closed","template":"","meta":{"footnotes":""},"class_list":["post-39","page","type-page","status-publish","hentry"],"_links":{"self":[{"href":"https:\/\/jjfishing.fi\/index.php\/wp-json\/wp\/v2\/pages\/39","targetHints":{"allow":["GET"]}}],"collection":[{"href":"https:\/\/jjfishing.fi\/index.php\/wp-json\/wp\/v2\/pages"}],"about":[{"href":"https:\/\/jjfishing.fi\/index.php\/wp-json\/wp\/v2\/types\/page"}],"author":[{"embeddable":true,"href":"https:\/\/jjfishing.fi\/index.php\/wp-json\/wp\/v2\/users\/1"}],"replies":[{"embeddable":true,"href":"https:\/\/jjfishing.fi\/index.php\/wp-json\/wp\/v2\/comments?post=39"}],"version-history":[{"count":6,"href":"https:\/\/jjfishing.fi\/index.php\/wp-json\/wp\/v2\/pages\/39\/revisions"}],"predecessor-version":[{"id":65,"href":"https:\/\/jjfishing.fi\/index.php\/wp-json\/wp\/v2\/pages\/39\/revisions\/65"}],"wp:attachment":[{"href":"https:\/\/jjfishing.fi\/index.php\/wp-json\/wp\/v2\/media?parent=39"}],"curies":[{"name":"wp","href":"https:\/\/api.w.org\/{rel}","templated":true}]}}